of 217 and 36127.
7
What is the greatest common factor of 91 and 2723?
7
What is the highest common divisor of 981 and 86437?
109
What is the greatest common divisor of 179 and 16951479?
179
Calculate the highest common factor of 514 and 780509.
257
Calculate the highest common divisor of 555249 and 3009.
177
Calculate the greatest common divisor of 7358 and 5863.
13
What is the greatest common factor of 133126 and 154?
14
Calculate the greatest common divisor of 185 and 64195.
185
Calculate the highest common factor of 41860 and 532.
28
Calculate the highest common divisor of 112 and 610316.
28
Calculate the greatest common divisor of 336 and 437325.
21
Calculate the highest common factor of 47942 and 2.
2
Calculate the highest common factor of 1049952 and 24.
24
Calculate the highest common divisor of 52480 and 1600.
320
What is the greatest common factor of 154 and 6127?
11
Calculate the highest common divisor of 884 and 3502.
34
What is the greatest common divisor of 606 and 25641678?
606
What is the greatest common divisor of 107015 and 255?
85
Calculate the highest common divisor of 355324 and 7596.
844
What is the greatest common divisor of 231 and 26642?
77
What is the highest common divisor of 13125 and 735?
105
Calculate the highest common divisor of 51051 and 1105.
221
What is the greatest common divisor of 27864 and 584?
8
Calculate the greatest common factor of 742 and 1592597.
53
What is the greatest common divisor of 343119 and 105?
21
What is the highest common factor of 4536 and 30024?
216
What is the greatest common factor of 195741 and 478?
239
Calculate the highest common divisor of 1221048 and 120.
24
Calculate the greatest common divisor of 5032 and 3128.
136
What is the highest common factor of 108 and 2976?
12
What is the highest common divisor of 542031 and 2968?
371
Calculate the highest common divisor of 2043 and 123488.
227
What is the highest common divisor of 68996 and 141?
47
What is the highest common factor of 12408 and 41448?
264
What is the highest common factor of 328 and 10988?
164
Calculate the highest common divisor of 172 and 28408.
4
Calculate the highest common factor of 284 and 1178387.
71
Calculate the greatest common factor of 19056 and 36.
12
Calculate the greatest common divisor of 14985 and 2775.
555
What is the highest common divisor of 1668 and 1050284?
556
Calculate the greatest common factor of 121 and 7227.
11
What is the greatest common factor of 408 and 58128?
24
Calculate the greatest common divisor of 111761 and 26.
13
What is the greatest common factor of 2842495 and 95?
95
Calculate the greatest common factor of 52049 and 33511.
713
What is the greatest common factor of 75752 and 1768?
136
What is the greatest common divisor of 2698 and 2090?
38
Calculate the greatest common divisor of 12 and 739659.
3
What is the greatest common divisor of 111910 and 475?
95
What is the greatest common factor of 5135784 and 1044?
348
Calculate the highest common factor of 415 and 23863745.
415
Calculate the highest common factor of 2637414 and 54.
54
Calculate the highest common factor of 1592430 and 1050.
210
Calculate the greatest common divisor of 276 and 780114.
138
What is the highest common factor of 2231 and 13289?
97
What is the greatest common divisor of 940 and 102695?
235
Calculate the highest common divisor of 4068 and 684.
36
Calculate the greatest common divisor of 4433 and 1829.
31
What is the highest common factor of 1386 and 132?
66
What is the greatest common divisor of 75564 and 18?
18
What is the greatest common divisor of 45824 and 23296?
256
Calculate the greatest common divisor of 11240 and 1256.
8
What is the greatest common divisor of 102 and 7872?
6
Calculate the greatest common factor of 345 and 10235.
115
Calculate the greatest common factor of 5940 and 124.
4
What is the highest common factor of 8811 and 356?
89
What is the greatest common divisor of 18772 and 19494?
722
Calculate the highest common divisor of 284001 and 822.
411
What is the greatest common divisor of 301 and 430?
43
Calculate the highest common divisor of 148174 and 533.
533
Calculate the greatest common divisor of 76557 and 1183.
169
Calculate the greatest common factor of 1479 and 4998.
51
Calculate the greatest common factor of 582 and 1358.
194
Calculate the greatest common factor of 3616 and 29719.
113
Calculate the greatest common divisor of 137460 and 12.
12
Calculate the highest common divisor of 124 and 678404.
124
Calculate the highest common divisor of 1495 and 36478.
299
Calculate the greatest common divisor of 954 and 6959907.
477
What is the greatest common factor of 1289794 and 23?
23
Calculate the highest common divisor of 80595 and 49750.
995
What is the greatest common factor of 87 and 114376?
29
Calculate the highest common divisor of 600 and 830100.
300
What is the highest common divisor of 65478 and 672?
42
What is the highest common divisor of 884 and 2964?
52
What is the greatest common divisor of 22389 and 102?
51
What is the greatest common divisor of 731 and 459?
17
What is the highest common divisor of 30325 and 75?
25
Calculate the highest common divisor of 5457 and 2568.
321
Calculate the highest common divisor of 150 and 546.
6
Calculate the highest common factor of 444678 and 312.
78
Calculate the greatest common factor of 318 and 160431.
159
What is the highest common factor of 63 and 3136?
7
What is the highest common factor of 2879 and 31?
1
What is the highest common divisor of 290519 and 1765?
353
What is the greatest common factor of 1593 and 3009?
177
What is the highest common divisor of 513 and 374490?
513
What is the greatest common divisor of 145078 and 502?
502
What is the greatest common divisor of 2141535 and 330?
165
Calculate the greatest common factor of 60 and 30930.
30
Calculate the highest common factor of 47652 and 396.
132
Calculate the greatest common factor of 15380 and 2420.
20
What is the highest common divisor of 5054 and 5586?
266
Calculate the greatest common factor of 141507 and 243.
81
Calculate the greatest common factor of 79629 and 381.
381
What is the greatest common divisor of 470 and 41219?
47
What is the greatest common factor of 9918 and 874?
38
What is the greatest common factor of 398519 and 11?
11
Calculate the highest common factor of 41029 and 267.
89
What is the highest common divisor of 14 and 1232?
14
What is the highest common factor of 5520 and 479280?
240
Calculate the greatest common divisor of 13673 and 339.
113
Calculate the greatest common factor of 56 and 16387.
7
What is the highest common divisor of 820 and 348664?
164
Calculate the greatest common factor of 5899 and 294256.
347
Calculate the greatest common divisor of 51 and 1207.
17
Calculate the highest common factor of 849 and 3579.
3
What is the greatest common divisor of 82843 and 37?
37
What is the greatest common factor of 377 and 271063?
377
What is the greatest common divisor of 50 and 65225?
25
What is the greatest common factor of 249474 and 2?
2
What is the highest common divisor of 52845 and 4878?
813
What is the highest common divisor of 189462 and 8736?
546
What is the greatest common divisor of 10686 and 1507?
137
Calculate the highest common divisor of 1792 and 39928.
56
Calculate the greatest common factor of 16 and 230760.
8
Calculate the greatest common divisor of 49 and 7588.
7
What is the highest common factor of 112 and 13272?
56
Calculate the greatest common factor of 27292 and 92.
4
What is the highest common divisor of 46911 and 57?
57
What is the greatest common divisor of 145 and 886559?
29
Calculate the greatest common factor of 8745 and 363.
33
What is the greatest common factor of 164 and 1136?
4
What is the highest common divisor of 6 and 7030104?
6
Calculate the highest common factor of 140 and 21560.
140
What is the greatest common divisor of 157953 and 2775?
111
What is the highest common divisor of 2162 and 391?
23
Calculate the greatest common divisor of 147 and 95746.
49
What is the greatest common factor of 54 and 4140?
18
Calculate the greatest common divisor of 7555072 and 4096.
2048
Calculate the greatest common divisor of 1040 and 443560.
520
Calculate the greatest common factor of 483 and 71346.
69
Calculate the greates